{"id":54,"date":"2018-06-05T09:53:47","date_gmt":"2018-06-05T09:53:47","guid":{"rendered":"http:\/\/cruzecruz.net\/site\/?page_id=54"},"modified":"2021-05-21T11:23:54","modified_gmt":"2021-05-21T11:23:54","slug":"redes-proteccao","status":"publish","type":"page","link":"https:\/\/cruzecruz.net\/site\/produtos-redes\/redes-proteccao\/","title":{"rendered":"Redes Protec\u00e7\u00e3o"},"content":{"rendered":"<p>Especializados em redes para protec\u00e7\u00e3o:<\/p>\n<ul>\n<li>Campos de Futebol;<\/li>\n<li>Campos de Golf;<\/li>\n<li>Constru\u00e7\u00e3o Civil;<\/li>\n<li>Redes P\/Corti\u00e7a;<\/li>\n<\/ul>\nngg_shortcode_0_placeholder\n","protected":false},"excerpt":{"rendered":"<p>Especializados em redes para protec\u00e7\u00e3o: Campos de Futebol; Campos de Golf; Constru\u00e7\u00e3o Civil; Redes P\/Corti\u00e7a;<\/p>\n","protected":false},"author":1,"featured_media":0,"parent":73,"menu_order":0,"comment_status":"closed","ping_status":"closed","template":"","meta":{"ngg_post_thumbnail":0,"footnotes":""},"class_list":["post-54","page","type-page","status-publish","hentry"],"yoast_head":"<!-- This site is optimized with the Yoast SEO plugin v26.7 - https:\/\/yoast.com\/wordpress\/plugins\/seo\/ -->\n<title>Redes Protec\u00e7\u00e3o - Cruz&amp;Cruz, Lda - Fabrica de Redes<\/title>\n<meta name=\"description\" content=\"Especializados em redes para protec\u00e7\u00e3o: Campos de Futebol; Campos de Golf; Constru\u00e7\u00e3o Civil; Redes P\/Corti\u00e7a;\" \/>\n<meta name=\"robots\" content=\"index, follow, max-snippet:-1, max-image-preview:large, max-video-preview:-1\" \/>\n<link rel=\"canonical\" href=\"https:\/\/cruzecruz.net\/site\/produtos-redes\/redes-proteccao\/\" \/>\n<meta property=\"og:locale\" content=\"pt_PT\" \/>\n<meta property=\"og:type\" content=\"article\" \/>\n<meta property=\"og:title\" content=\"Redes Protec\u00e7\u00e3o - Cruz&amp;Cruz, Lda - Fabrica de Redes\" \/>\n<meta property=\"og:description\" content=\"Especializados em redes para protec\u00e7\u00e3o: Campos de Futebol; Campos de Golf; Constru\u00e7\u00e3o Civil; Redes P\/Corti\u00e7a;\" \/>\n<meta property=\"og:url\" content=\"https:\/\/cruzecruz.net\/site\/produtos-redes\/redes-proteccao\/\" \/>\n<meta property=\"og:site_name\" content=\"Cruz&amp;Cruz, Lda - Fabrica de Redes\" \/>\n<meta property=\"article:modified_time\" content=\"2021-05-21T11:23:54+00:00\" \/>\n<meta name=\"twitter:card\" content=\"summary_large_image\" \/>\n<script type=\"application\/ld+json\" class=\"yoast-schema-graph\">{\"@context\":\"https:\/\/schema.org\",\"@graph\":[{\"@type\":\"WebPage\",\"@id\":\"https:\/\/cruzecruz.net\/site\/produtos-redes\/redes-proteccao\/\",\"url\":\"https:\/\/cruzecruz.net\/site\/produtos-redes\/redes-proteccao\/\",\"name\":\"Redes Protec\u00e7\u00e3o - Cruz&amp;Cruz, Lda - Fabrica de Redes\",\"isPartOf\":{\"@id\":\"https:\/\/cruzecruz.net\/site\/#website\"},\"datePublished\":\"2018-06-05T09:53:47+00:00\",\"dateModified\":\"2021-05-21T11:23:54+00:00\",\"description\":\"Especializados em redes para protec\u00e7\u00e3o: Campos de Futebol; Campos de Golf; Constru\u00e7\u00e3o Civil; Redes P\/Corti\u00e7a;\",\"breadcrumb\":{\"@id\":\"https:\/\/cruzecruz.net\/site\/produtos-redes\/redes-proteccao\/#breadcrumb\"},\"inLanguage\":\"pt-PT\",\"potentialAction\":[{\"@type\":\"ReadAction\",\"target\":[\"https:\/\/cruzecruz.net\/site\/produtos-redes\/redes-proteccao\/\"]}]},{\"@type\":\"BreadcrumbList\",\"@id\":\"https:\/\/cruzecruz.net\/site\/produtos-redes\/redes-proteccao\/#breadcrumb\",\"itemListElement\":[{\"@type\":\"ListItem\",\"position\":1,\"name\":\"In\u00edcio\",\"item\":\"https:\/\/cruzecruz.net\/site\/\"},{\"@type\":\"ListItem\",\"position\":2,\"name\":\"Produtos (redes)\",\"item\":\"https:\/\/cruzecruz.net\/site\/produtos-redes\/\"},{\"@type\":\"ListItem\",\"position\":3,\"name\":\"Redes Protec\u00e7\u00e3o\"}]},{\"@type\":\"WebSite\",\"@id\":\"https:\/\/cruzecruz.net\/site\/#website\",\"url\":\"https:\/\/cruzecruz.net\/site\/\",\"name\":\"Cruz&amp;Cruz, Lda - Fabrica de Redes\",\"description\":\"\",\"potentialAction\":[{\"@type\":\"SearchAction\",\"target\":{\"@type\":\"EntryPoint\",\"urlTemplate\":\"https:\/\/cruzecruz.net\/site\/?s={search_term_string}\"},\"query-input\":{\"@type\":\"PropertyValueSpecification\",\"valueRequired\":true,\"valueName\":\"search_term_string\"}}],\"inLanguage\":\"pt-PT\"}]}<\/script>\n<!-- \/ Yoast SEO plugin. -->","yoast_head_json":{"title":"Redes Protec\u00e7\u00e3o - Cruz&amp;Cruz, Lda - Fabrica de Redes","description":"Especializados em redes para protec\u00e7\u00e3o: Campos de Futebol; Campos de Golf; Constru\u00e7\u00e3o Civil; Redes P\/Corti\u00e7a;","robots":{"index":"index","follow":"follow","max-snippet":"max-snippet:-1","max-image-preview":"max-image-preview:large","max-video-preview":"max-video-preview:-1"},"canonical":"https:\/\/cruzecruz.net\/site\/produtos-redes\/redes-proteccao\/","og_locale":"pt_PT","og_type":"article","og_title":"Redes Protec\u00e7\u00e3o - Cruz&amp;Cruz, Lda - Fabrica de Redes","og_description":"Especializados em redes para protec\u00e7\u00e3o: Campos de Futebol; Campos de Golf; Constru\u00e7\u00e3o Civil; Redes P\/Corti\u00e7a;","og_url":"https:\/\/cruzecruz.net\/site\/produtos-redes\/redes-proteccao\/","og_site_name":"Cruz&amp;Cruz, Lda - Fabrica de Redes","article_modified_time":"2021-05-21T11:23:54+00:00","twitter_card":"summary_large_image","schema":{"@context":"https:\/\/schema.org","@graph":[{"@type":"WebPage","@id":"https:\/\/cruzecruz.net\/site\/produtos-redes\/redes-proteccao\/","url":"https:\/\/cruzecruz.net\/site\/produtos-redes\/redes-proteccao\/","name":"Redes Protec\u00e7\u00e3o - Cruz&amp;Cruz, Lda - Fabrica de Redes","isPartOf":{"@id":"https:\/\/cruzecruz.net\/site\/#website"},"datePublished":"2018-06-05T09:53:47+00:00","dateModified":"2021-05-21T11:23:54+00:00","description":"Especializados em redes para protec\u00e7\u00e3o: Campos de Futebol; Campos de Golf; Constru\u00e7\u00e3o Civil; Redes P\/Corti\u00e7a;","breadcrumb":{"@id":"https:\/\/cruzecruz.net\/site\/produtos-redes\/redes-proteccao\/#breadcrumb"},"inLanguage":"pt-PT","potentialAction":[{"@type":"ReadAction","target":["https:\/\/cruzecruz.net\/site\/produtos-redes\/redes-proteccao\/"]}]},{"@type":"BreadcrumbList","@id":"https:\/\/cruzecruz.net\/site\/produtos-redes\/redes-proteccao\/#breadcrumb","itemListElement":[{"@type":"ListItem","position":1,"name":"In\u00edcio","item":"https:\/\/cruzecruz.net\/site\/"},{"@type":"ListItem","position":2,"name":"Produtos (redes)","item":"https:\/\/cruzecruz.net\/site\/produtos-redes\/"},{"@type":"ListItem","position":3,"name":"Redes Protec\u00e7\u00e3o"}]},{"@type":"WebSite","@id":"https:\/\/cruzecruz.net\/site\/#website","url":"https:\/\/cruzecruz.net\/site\/","name":"Cruz&amp;Cruz, Lda - Fabrica de Redes","description":"","potentialAction":[{"@type":"SearchAction","target":{"@type":"EntryPoint","urlTemplate":"https:\/\/cruzecruz.net\/site\/?s={search_term_string}"},"query-input":{"@type":"PropertyValueSpecification","valueRequired":true,"valueName":"search_term_string"}}],"inLanguage":"pt-PT"}]}},"_links":{"self":[{"href":"https:\/\/cruzecruz.net\/site\/wp-json\/wp\/v2\/pages\/54","targetHints":{"allow":["GET"]}}],"collection":[{"href":"https:\/\/cruzecruz.net\/site\/wp-json\/wp\/v2\/pages"}],"about":[{"href":"https:\/\/cruzecruz.net\/site\/wp-json\/wp\/v2\/types\/page"}],"author":[{"embeddable":true,"href":"https:\/\/cruzecruz.net\/site\/wp-json\/wp\/v2\/users\/1"}],"replies":[{"embeddable":true,"href":"https:\/\/cruzecruz.net\/site\/wp-json\/wp\/v2\/comments?post=54"}],"version-history":[{"count":5,"href":"https:\/\/cruzecruz.net\/site\/wp-json\/wp\/v2\/pages\/54\/revisions"}],"predecessor-version":[{"id":2952,"href":"https:\/\/cruzecruz.net\/site\/wp-json\/wp\/v2\/pages\/54\/revisions\/2952"}],"up":[{"embeddable":true,"href":"https:\/\/cruzecruz.net\/site\/wp-json\/wp\/v2\/pages\/73"}],"wp:attachment":[{"href":"https:\/\/cruzecruz.net\/site\/wp-json\/wp\/v2\/media?parent=54"}],"curies":[{"name":"wp","href":"https:\/\/api.w.org\/{rel}","templated":true}]}}