{"id":64,"date":"2018-06-05T10:04:50","date_gmt":"2018-06-05T10:04:50","guid":{"rendered":"http:\/\/cruzecruz.net\/site\/?page_id=64"},"modified":"2024-05-04T09:59:37","modified_gmt":"2024-05-04T09:59:37","slug":"noticias-eventos","status":"publish","type":"page","link":"https:\/\/cruzecruz.net\/site\/noticias-eventos\/","title":{"rendered":"Not\u00edcias\/Eventos"},"content":{"rendered":"<p><iframe loading=\"lazy\" title=\"YouTube video player\" src=\"https:\/\/www.youtube-nocookie.com\/embed\/aQQxEiq1ARE?controls=0&amp;rel=0\" width=\"750\" height=\"400\" frameborder=\"0\" allowfullscreen=\"allowfullscreen\"><\/iframe><\/p>\n<h2><strong>Expoca\u00e7a 2018<br \/>\n<\/strong><span style=\"font-size: 12px;\">(30\u00aa feira internacional da Ca\u00e7a, Armas e Pesca), de 4 a 6 de Maio, no&nbsp;Centro Nacional de Exposi\u00e7\u00f5es em Santar\u00e9m (CINEMA)<\/span><\/h2>\n<p><img loading=\"lazy\" decoding=\"async\" class=\"alignnone size-medium wp-image-2135\" src=\"http:\/\/cruzecruz.net\/site\/wp-content\/uploads\/2018\/06\/31222080_6095472246789_3074212078647508992_n.png-300x157.jpg\" alt=\"\" width=\"300\" height=\"157\" srcset=\"https:\/\/cruzecruz.net\/site\/wp-content\/uploads\/2018\/06\/31222080_6095472246789_3074212078647508992_n.png-300x157.jpg 300w, https:\/\/cruzecruz.net\/site\/wp-content\/uploads\/2018\/06\/31222080_6095472246789_3074212078647508992_n.png.jpg 480w\" sizes=\"auto, (max-width: 300px) 100vw, 300px\" \/><\/p>\n<h3 class=\"uppercase\">PROGRAMA EXPOCA\u00c7A 2018<\/h3>\n<div class=\"caption-title\">\n<h4><strong>1\u00ba Dia (dia 4 de Maio)<\/strong><\/h4>\n<\/div>\n<ul>\n<li><strong>Inaugura\u00e7\u00e3o da 30\u00aa Expoca\u00e7a<\/strong><\/li>\n<li>Lan\u00e7amento do livro &#8220;OLHA O PASSARINHO &#8211; RETRATOS, SELFIES E CARUCATURAS DE CA\u00c7A&#8221; de Jos\u00e9 Maria da Cunha<\/li>\n<li>Jantar de Gala do Safari Clube Internacional \u2013 Lusit\u00e2nea Chapter<\/li>\n<li>Demonstra\u00e7\u00f5es de Ca\u00e7a com Podengos<\/li>\n<li>Demonstra\u00e7\u00f5es de Falcoaria<\/li>\n<li>Demonstra\u00e7\u00f5es de Tiro com Arco e com B\u00e9sta<\/li>\n<\/ul>\n<div class=\"caption-title\">\n<h4><strong>2\u00ba Dia (dia 5 de Maio)<\/strong><\/h4>\n<\/div>\n<ul>\n<li>9h30m- SEMIN\u00c1RIO \u201cA MONTARIA EM PORTUGAL \u2013 O ESTADO DA ARTE\u201c ( PARTE 2 )<\/li>\n<li>Semin\u00e1rio &#8220;POR UMA IND\u00daSTRIA NACIONAL DE CARNE DE CA\u00c7A&#8221; (CPM)<\/li>\n<li>Semin\u00e1rio MATILHAS DE CA\u00c7A MAIOR- POR UMA AUTOREGULA\u00c7\u00c3O DO SECTOR (APMCM\/CPM)<\/li>\n<li>Col\u00f3quio Projeto + coelho (controlo da doen\u00e7a hemorr\u00e1gica dos coelhos)<\/li>\n<li>Assembleia geral da Ass. P\u00aa Matilhas de Ca\u00e7a Maior<\/li>\n<li>Prova de st. huberto &#8211; trof\u00e9u dr. arm\u00e9nio lan\u00e7a (cncp)<\/li>\n<li>Encontro de matilheiros (apmcm)<\/li>\n<li>Concurso de c\u00e3es de matilha<\/li>\n<li>Demonstra\u00e7\u00f5es de c\u00e3o de parar<\/li>\n<li>Demonstra\u00e7\u00f5es de ca\u00e7a com podengos<\/li>\n<li>Demonstra\u00e7\u00f5es de falcoaria<\/li>\n<li>Sess\u00e3o de esclarecimento \/ semin\u00e1rio sobre matilheiros e matilhas (apmcm \/ cpm)<\/li>\n<li>Demonstra\u00e7\u00f5es de Tiro com Arco e com B\u00e9sta<\/li>\n<\/ul>\n<div class=\"caption-title\">\n<h4><strong>3\u00ba Dia (dia 6 de Maio)<\/strong><\/h4>\n<\/div>\n<ul>\n<li>Encontro Nacional de Ca\u00e7adores (Fenca\u00e7a)<\/li>\n<li>Demonstra\u00e7\u00f5es de C\u00e3o de Parar<\/li>\n<li>Demonstra\u00e7\u00f5es de Falcoaria<\/li>\n<li>Demonstra\u00e7\u00f5es de Ca\u00e7a com Podengos<\/li>\n<li>Demonstra\u00e7\u00f5es de Tiro com Arco e com B\u00e9sta<\/li>\n<\/ul>\n<p>&nbsp;<\/p>\n<h2><strong>Expoca\u00e7a 2012<br \/>\n<\/strong><span style=\"font-size: 12px;\">(24\u00aa Feira Internacional de Ca\u00e7a e das Armas), de 18 a 20 de Maio, no Centro Nacional de Exposi\u00e7\u00f5es em Santar\u00e9m (CINEMA)<\/span><\/h2>\n<p><img loading=\"lazy\" decoding=\"async\" class=\"alignnone size-full wp-image-2131\" src=\"http:\/\/cruzecruz.net\/site\/wp-content\/uploads\/2018\/06\/expocaca2012.gif\" alt=\"\" width=\"260\" height=\"100\"><\/p>\n<ul>\n<li class=\"a\"><span class=\"a\">Dia 18 de Maio (6\u00aa feira)&nbsp;&nbsp;&nbsp; &nbsp;&nbsp;&nbsp; Das 14h30m \u00e0s 22h<\/span><\/li>\n<li class=\"a\"><span class=\"a\">Dia 19 de Maio (S\u00e1bado)&nbsp;&nbsp;&nbsp;&nbsp;&nbsp;&nbsp; Das 11h \u00e0s 22h<\/span><\/li>\n<li class=\"a\"><span class=\"a\">Dia 20 de Maio (Domingo)&nbsp;&nbsp;&nbsp;&nbsp;&nbsp;Das 11h \u00e0s 19h<\/span><\/li>\n<\/ul>\n<p class=\"a\"><span class=\"a\">Vamos estar presentes no Pavilh\u00e3o 2, no stand 165 e contamos com a vossa visita!<\/span><\/p>\n<ul>\n<li class=\"a\"><span class=\"a\">19\u00ba Encontro Nacional de Ca\u00e7adores (Fenca\u00e7a)<\/span><\/li>\n<li class=\"a\"><span class=\"a\">Semin\u00e1rio sobre Ca\u00e7a<\/span><\/li>\n<li class=\"a\"><span class=\"a\">3\u00aa Exposi\u00e7\u00e3o Canina Especializada de Ra\u00e7as de Ca\u00e7a (CAC)<\/span><\/li>\n<li class=\"a\"><span class=\"a\">Monogr\u00e1fica do Retriever<\/span><\/li>\n<li class=\"a\"><span class=\"a\">3\u00ba Open de Tiro ao Alvo Expoca\u00e7a<\/span><\/li>\n<li class=\"a\"><span class=\"a\">Prova de Santo Huberto<\/span><\/li>\n<\/ul>\n","protected":false},"excerpt":{"rendered":"<p>Expoca\u00e7a 2018 (30\u00aa feira internacional da Ca\u00e7a, Armas e Pesca), de 4 a 6 de Maio, no&nbsp;Centro Nacional de Exposi\u00e7\u00f5es em Santar\u00e9m (CINEMA) PROGRAMA EXPOCA\u00c7A 2018 1\u00ba Dia (dia 4 de Maio) Inaugura\u00e7\u00e3o da 30\u00aa Expoca\u00e7a Lan\u00e7amento do livro &#8220;OLHA O PASSARINHO &#8211; RETRATOS, SELFIES E CARUCATURAS DE CA\u00c7A&#8221; de Jos\u00e9 Maria da Cunha Jantar [&hellip;]<\/p>\n","protected":false},"author":1,"featured_media":0,"parent":0,"menu_order":0,"comment_status":"closed","ping_status":"closed","template":"","meta":{"ngg_post_thumbnail":0,"footnotes":""},"class_list":["post-64","page","type-page","status-publish","hentry"],"yoast_head":"<!-- This site is optimized with the Yoast SEO plugin v26.7 - https:\/\/yoast.com\/wordpress\/plugins\/seo\/ -->\n<title>Not\u00edcias\/Eventos - Cruz&amp;Cruz, Lda - Fabrica de Redes<\/title>\n<meta name=\"robots\" content=\"index, follow, max-snippet:-1, max-image-preview:large, max-video-preview:-1\" \/>\n<link rel=\"canonical\" href=\"https:\/\/cruzecruz.net\/site\/noticias-eventos\/\" \/>\n<meta property=\"og:locale\" content=\"pt_PT\" \/>\n<meta property=\"og:type\" content=\"article\" \/>\n<meta property=\"og:title\" content=\"Not\u00edcias\/Eventos - Cruz&amp;Cruz, Lda - Fabrica de Redes\" \/>\n<meta property=\"og:description\" content=\"Expoca\u00e7a 2018 (30\u00aa feira internacional da Ca\u00e7a, Armas e Pesca), de 4 a 6 de Maio, no&nbsp;Centro Nacional de Exposi\u00e7\u00f5es em Santar\u00e9m (CINEMA) PROGRAMA EXPOCA\u00c7A 2018 1\u00ba Dia (dia 4 de Maio) Inaugura\u00e7\u00e3o da 30\u00aa Expoca\u00e7a Lan\u00e7amento do livro &#8220;OLHA O PASSARINHO &#8211; RETRATOS, SELFIES E CARUCATURAS DE CA\u00c7A&#8221; de Jos\u00e9 Maria da Cunha Jantar [&hellip;]\" \/>\n<meta property=\"og:url\" content=\"https:\/\/cruzecruz.net\/site\/noticias-eventos\/\" \/>\n<meta property=\"og:site_name\" content=\"Cruz&amp;Cruz, Lda - Fabrica de Redes\" \/>\n<meta property=\"article:modified_time\" content=\"2024-05-04T09:59:37+00:00\" \/>\n<meta property=\"og:image\" content=\"http:\/\/cruzecruz.net\/site\/wp-content\/uploads\/2018\/06\/31222080_6095472246789_3074212078647508992_n.png-300x157.jpg\" \/>\n<meta name=\"twitter:card\" content=\"summary_large_image\" \/>\n<meta name=\"twitter:label1\" content=\"Tempo estimado de leitura\" \/>\n\t<meta name=\"twitter:data1\" content=\"3 minutos\" \/>\n<script type=\"application\/ld+json\" class=\"yoast-schema-graph\">{\"@context\":\"https:\/\/schema.org\",\"@graph\":[{\"@type\":\"WebPage\",\"@id\":\"https:\/\/cruzecruz.net\/site\/noticias-eventos\/\",\"url\":\"https:\/\/cruzecruz.net\/site\/noticias-eventos\/\",\"name\":\"Not\u00edcias\/Eventos - Cruz&amp;Cruz, Lda - Fabrica de Redes\",\"isPartOf\":{\"@id\":\"https:\/\/cruzecruz.net\/site\/#website\"},\"primaryImageOfPage\":{\"@id\":\"https:\/\/cruzecruz.net\/site\/noticias-eventos\/#primaryimage\"},\"image\":{\"@id\":\"https:\/\/cruzecruz.net\/site\/noticias-eventos\/#primaryimage\"},\"thumbnailUrl\":\"http:\/\/cruzecruz.net\/site\/wp-content\/uploads\/2018\/06\/31222080_6095472246789_3074212078647508992_n.png-300x157.jpg\",\"datePublished\":\"2018-06-05T10:04:50+00:00\",\"dateModified\":\"2024-05-04T09:59:37+00:00\",\"breadcrumb\":{\"@id\":\"https:\/\/cruzecruz.net\/site\/noticias-eventos\/#breadcrumb\"},\"inLanguage\":\"pt-PT\",\"potentialAction\":[{\"@type\":\"ReadAction\",\"target\":[\"https:\/\/cruzecruz.net\/site\/noticias-eventos\/\"]}]},{\"@type\":\"ImageObject\",\"inLanguage\":\"pt-PT\",\"@id\":\"https:\/\/cruzecruz.net\/site\/noticias-eventos\/#primaryimage\",\"url\":\"https:\/\/cruzecruz.net\/site\/wp-content\/uploads\/2018\/06\/31222080_6095472246789_3074212078647508992_n.png.jpg\",\"contentUrl\":\"https:\/\/cruzecruz.net\/site\/wp-content\/uploads\/2018\/06\/31222080_6095472246789_3074212078647508992_n.png.jpg\",\"width\":480,\"height\":251},{\"@type\":\"BreadcrumbList\",\"@id\":\"https:\/\/cruzecruz.net\/site\/noticias-eventos\/#breadcrumb\",\"itemListElement\":[{\"@type\":\"ListItem\",\"position\":1,\"name\":\"In\u00edcio\",\"item\":\"https:\/\/cruzecruz.net\/site\/\"},{\"@type\":\"ListItem\",\"position\":2,\"name\":\"Not\u00edcias\/Eventos\"}]},{\"@type\":\"WebSite\",\"@id\":\"https:\/\/cruzecruz.net\/site\/#website\",\"url\":\"https:\/\/cruzecruz.net\/site\/\",\"name\":\"Cruz&amp;Cruz, Lda - Fabrica de Redes\",\"description\":\"\",\"potentialAction\":[{\"@type\":\"SearchAction\",\"target\":{\"@type\":\"EntryPoint\",\"urlTemplate\":\"https:\/\/cruzecruz.net\/site\/?s={search_term_string}\"},\"query-input\":{\"@type\":\"PropertyValueSpecification\",\"valueRequired\":true,\"valueName\":\"search_term_string\"}}],\"inLanguage\":\"pt-PT\"}]}<\/script>\n<!-- \/ Yoast SEO plugin. -->","yoast_head_json":{"title":"Not\u00edcias\/Eventos - Cruz&amp;Cruz, Lda - Fabrica de Redes","robots":{"index":"index","follow":"follow","max-snippet":"max-snippet:-1","max-image-preview":"max-image-preview:large","max-video-preview":"max-video-preview:-1"},"canonical":"https:\/\/cruzecruz.net\/site\/noticias-eventos\/","og_locale":"pt_PT","og_type":"article","og_title":"Not\u00edcias\/Eventos - Cruz&amp;Cruz, Lda - Fabrica de Redes","og_description":"Expoca\u00e7a 2018 (30\u00aa feira internacional da Ca\u00e7a, Armas e Pesca), de 4 a 6 de Maio, no&nbsp;Centro Nacional de Exposi\u00e7\u00f5es em Santar\u00e9m (CINEMA) PROGRAMA EXPOCA\u00c7A 2018 1\u00ba Dia (dia 4 de Maio) Inaugura\u00e7\u00e3o da 30\u00aa Expoca\u00e7a Lan\u00e7amento do livro &#8220;OLHA O PASSARINHO &#8211; RETRATOS, SELFIES E CARUCATURAS DE CA\u00c7A&#8221; de Jos\u00e9 Maria da Cunha Jantar [&hellip;]","og_url":"https:\/\/cruzecruz.net\/site\/noticias-eventos\/","og_site_name":"Cruz&amp;Cruz, Lda - Fabrica de Redes","article_modified_time":"2024-05-04T09:59:37+00:00","og_image":[{"url":"http:\/\/cruzecruz.net\/site\/wp-content\/uploads\/2018\/06\/31222080_6095472246789_3074212078647508992_n.png-300x157.jpg","type":"","width":"","height":""}],"twitter_card":"summary_large_image","twitter_misc":{"Tempo estimado de leitura":"3 minutos"},"schema":{"@context":"https:\/\/schema.org","@graph":[{"@type":"WebPage","@id":"https:\/\/cruzecruz.net\/site\/noticias-eventos\/","url":"https:\/\/cruzecruz.net\/site\/noticias-eventos\/","name":"Not\u00edcias\/Eventos - Cruz&amp;Cruz, Lda - Fabrica de Redes","isPartOf":{"@id":"https:\/\/cruzecruz.net\/site\/#website"},"primaryImageOfPage":{"@id":"https:\/\/cruzecruz.net\/site\/noticias-eventos\/#primaryimage"},"image":{"@id":"https:\/\/cruzecruz.net\/site\/noticias-eventos\/#primaryimage"},"thumbnailUrl":"http:\/\/cruzecruz.net\/site\/wp-content\/uploads\/2018\/06\/31222080_6095472246789_3074212078647508992_n.png-300x157.jpg","datePublished":"2018-06-05T10:04:50+00:00","dateModified":"2024-05-04T09:59:37+00:00","breadcrumb":{"@id":"https:\/\/cruzecruz.net\/site\/noticias-eventos\/#breadcrumb"},"inLanguage":"pt-PT","potentialAction":[{"@type":"ReadAction","target":["https:\/\/cruzecruz.net\/site\/noticias-eventos\/"]}]},{"@type":"ImageObject","inLanguage":"pt-PT","@id":"https:\/\/cruzecruz.net\/site\/noticias-eventos\/#primaryimage","url":"https:\/\/cruzecruz.net\/site\/wp-content\/uploads\/2018\/06\/31222080_6095472246789_3074212078647508992_n.png.jpg","contentUrl":"https:\/\/cruzecruz.net\/site\/wp-content\/uploads\/2018\/06\/31222080_6095472246789_3074212078647508992_n.png.jpg","width":480,"height":251},{"@type":"BreadcrumbList","@id":"https:\/\/cruzecruz.net\/site\/noticias-eventos\/#breadcrumb","itemListElement":[{"@type":"ListItem","position":1,"name":"In\u00edcio","item":"https:\/\/cruzecruz.net\/site\/"},{"@type":"ListItem","position":2,"name":"Not\u00edcias\/Eventos"}]},{"@type":"WebSite","@id":"https:\/\/cruzecruz.net\/site\/#website","url":"https:\/\/cruzecruz.net\/site\/","name":"Cruz&amp;Cruz, Lda - Fabrica de Redes","description":"","potentialAction":[{"@type":"SearchAction","target":{"@type":"EntryPoint","urlTemplate":"https:\/\/cruzecruz.net\/site\/?s={search_term_string}"},"query-input":{"@type":"PropertyValueSpecification","valueRequired":true,"valueName":"search_term_string"}}],"inLanguage":"pt-PT"}]}},"_links":{"self":[{"href":"https:\/\/cruzecruz.net\/site\/wp-json\/wp\/v2\/pages\/64","targetHints":{"allow":["GET"]}}],"collection":[{"href":"https:\/\/cruzecruz.net\/site\/wp-json\/wp\/v2\/pages"}],"about":[{"href":"https:\/\/cruzecruz.net\/site\/wp-json\/wp\/v2\/types\/page"}],"author":[{"embeddable":true,"href":"https:\/\/cruzecruz.net\/site\/wp-json\/wp\/v2\/users\/1"}],"replies":[{"embeddable":true,"href":"https:\/\/cruzecruz.net\/site\/wp-json\/wp\/v2\/comments?post=64"}],"version-history":[{"count":26,"href":"https:\/\/cruzecruz.net\/site\/wp-json\/wp\/v2\/pages\/64\/revisions"}],"predecessor-version":[{"id":5121,"href":"https:\/\/cruzecruz.net\/site\/wp-json\/wp\/v2\/pages\/64\/revisions\/5121"}],"wp:attachment":[{"href":"https:\/\/cruzecruz.net\/site\/wp-json\/wp\/v2\/media?parent=64"}],"curies":[{"name":"wp","href":"https:\/\/api.w.org\/{rel}","templated":true}]}}