{"id":9,"date":"2018-06-05T09:30:33","date_gmt":"2018-06-05T09:30:33","guid":{"rendered":"http:\/\/cruzecruz.net\/site\/?page_id=9"},"modified":"2019-07-26T08:56:37","modified_gmt":"2019-07-26T08:56:37","slug":"fabrica-redes","status":"publish","type":"page","link":"https:\/\/cruzecruz.net\/site\/fabrica-redes\/","title":{"rendered":"F\u00e1brica Redes"},"content":{"rendered":"<h3 class=\"style54\" style=\"text-align: left;\" align=\"justify\"><strong>Cruz &amp; Cruz \u2013 F\u00e1brica de Redes, iniciou a sua actividade em 1981 com a produ\u00e7\u00e3o de redes para pesca.<\/strong><\/h3>\n<p align=\"justify\">Dedica-se essencialmente ao fabrico de redes em monofilamento de nylon ou em multifilamento de polietileno com tratamento anti u.v. para distintas utiliza\u00e7\u00f5es, nomeadamente para a pesca industrial e artesanal, aquacultura, redes para parques de voo das explora\u00e7\u00f5es cineg\u00e9ticas, redes para prote\u00e7\u00e3o, campos de golfe, conten\u00e7\u00e3o de neve nas montanhas, desporto e todo o tipo de redes personalizadas para diversas aplica\u00e7\u00f5es conforme a nossa imagina\u00e7\u00e3o no permitir.<\/p>\n<p>Oferecemos produtos adequados, modernos e de maior durabilidade e resist\u00eancia \u00e0s varia\u00e7\u00f5es de temperatura e a\u00e7\u00e3o das \u00e1guas.<\/p>\n<p>Temos \u00e0 disposi\u00e7\u00e3o dos clientes redes para diferentes tipos de pesca e para variadas esp\u00e9cies de peixe, como a faneca, pescada, carapau, linguado, raia, peixe-galo, marisco, etc.<\/p>\n<p>Cada cliente, al\u00e9m disso, pode especificar as suas prefer\u00eancias quanto \u00e0s caracter\u00edsticas da rede. Cada cliente \u00e9 um caso \u00fanico e \u00e9 tratado de forma independente, sendo as redes sempre feitas de acordo com as especifica\u00e7\u00f5es do cliente. Como resultado final temos a satisfa\u00e7\u00e3o dos clientes.<\/p>\n<p>A seriedade e a qualidade com que a empresa atua, t\u00eam permitido continuar a melhorar a confian\u00e7a e a dedica\u00e7\u00e3o dos nossos clientes.<\/p>\n<p>Fabricamos tamb\u00e9m redes para protec\u00e7\u00e3o dos tanques para a aquacultura \u00e0 medida de cada cliente e de cada situa\u00e7\u00e3o, conforme necess\u00e1rio.<\/p>\n<p>Tamb\u00e9m somos especializados na produ\u00e7\u00e3o de redes para parques de voo das explora\u00e7\u00f5es cineg\u00e9ticas, tais como perdiz, codorniz, patos, fais\u00f5es, etc. onde fornecemos uma rede f\u00e1cil de colocar e manusear, de grande resist\u00eancia e excelente rela\u00e7\u00e3o qualidade\/pre\u00e7o.<\/p>\n","protected":false},"excerpt":{"rendered":"<p>Cruz &amp; Cruz \u2013 F\u00e1brica de Redes, iniciou a sua actividade em 1981 com a produ\u00e7\u00e3o de redes para pesca. Dedica-se essencialmente ao fabrico de redes em monofilamento de nylon ou em multifilamento de polietileno com tratamento anti u.v. para distintas utiliza\u00e7\u00f5es, nomeadamente para a pesca industrial e artesanal, aquacultura, redes para parques de voo [&hellip;]<\/p>\n","protected":false},"author":1,"featured_media":10,"parent":0,"menu_order":0,"comment_status":"closed","ping_status":"closed","template":"","meta":{"ngg_post_thumbnail":0,"footnotes":""},"class_list":["post-9","page","type-page","status-publish","has-post-thumbnail","hentry"],"yoast_head":"<!-- This site is optimized with the Yoast SEO plugin v26.7 - https:\/\/yoast.com\/wordpress\/plugins\/seo\/ -->\n<title>F\u00e1brica Redes - Cruz&amp;Cruz, Lda - Fabrica de Redes<\/title>\n<meta name=\"robots\" content=\"index, follow, max-snippet:-1, max-image-preview:large, max-video-preview:-1\" \/>\n<link rel=\"canonical\" href=\"https:\/\/cruzecruz.net\/site\/fabrica-redes\/\" \/>\n<meta property=\"og:locale\" content=\"pt_PT\" \/>\n<meta property=\"og:type\" content=\"article\" \/>\n<meta property=\"og:title\" content=\"F\u00e1brica Redes - Cruz&amp;Cruz, Lda - Fabrica de Redes\" \/>\n<meta property=\"og:description\" content=\"Cruz &amp; Cruz \u2013 F\u00e1brica de Redes, iniciou a sua actividade em 1981 com a produ\u00e7\u00e3o de redes para pesca. Dedica-se essencialmente ao fabrico de redes em monofilamento de nylon ou em multifilamento de polietileno com tratamento anti u.v. para distintas utiliza\u00e7\u00f5es, nomeadamente para a pesca industrial e artesanal, aquacultura, redes para parques de voo [&hellip;]\" \/>\n<meta property=\"og:url\" content=\"https:\/\/cruzecruz.net\/site\/fabrica-redes\/\" \/>\n<meta property=\"og:site_name\" content=\"Cruz&amp;Cruz, Lda - Fabrica de Redes\" \/>\n<meta property=\"article:modified_time\" content=\"2019-07-26T08:56:37+00:00\" \/>\n<meta property=\"og:image\" content=\"https:\/\/cruzecruz.net\/site\/wp-content\/uploads\/2018\/06\/foto_empresa.jpg\" \/>\n\t<meta property=\"og:image:width\" content=\"454\" \/>\n\t<meta property=\"og:image:height\" content=\"302\" \/>\n\t<meta property=\"og:image:type\" content=\"image\/jpeg\" \/>\n<meta name=\"twitter:card\" content=\"summary_large_image\" \/>\n<meta name=\"twitter:label1\" content=\"Tempo estimado de leitura\" \/>\n\t<meta name=\"twitter:data1\" content=\"1 minuto\" \/>\n<script type=\"application\/ld+json\" class=\"yoast-schema-graph\">{\"@context\":\"https:\/\/schema.org\",\"@graph\":[{\"@type\":\"WebPage\",\"@id\":\"https:\/\/cruzecruz.net\/site\/fabrica-redes\/\",\"url\":\"https:\/\/cruzecruz.net\/site\/fabrica-redes\/\",\"name\":\"F\u00e1brica Redes - Cruz&amp;Cruz, Lda - Fabrica de Redes\",\"isPartOf\":{\"@id\":\"https:\/\/cruzecruz.net\/site\/#website\"},\"primaryImageOfPage\":{\"@id\":\"https:\/\/cruzecruz.net\/site\/fabrica-redes\/#primaryimage\"},\"image\":{\"@id\":\"https:\/\/cruzecruz.net\/site\/fabrica-redes\/#primaryimage\"},\"thumbnailUrl\":\"https:\/\/cruzecruz.net\/site\/wp-content\/uploads\/2018\/06\/foto_empresa.jpg\",\"datePublished\":\"2018-06-05T09:30:33+00:00\",\"dateModified\":\"2019-07-26T08:56:37+00:00\",\"breadcrumb\":{\"@id\":\"https:\/\/cruzecruz.net\/site\/fabrica-redes\/#breadcrumb\"},\"inLanguage\":\"pt-PT\",\"potentialAction\":[{\"@type\":\"ReadAction\",\"target\":[\"https:\/\/cruzecruz.net\/site\/fabrica-redes\/\"]}]},{\"@type\":\"ImageObject\",\"inLanguage\":\"pt-PT\",\"@id\":\"https:\/\/cruzecruz.net\/site\/fabrica-redes\/#primaryimage\",\"url\":\"https:\/\/cruzecruz.net\/site\/wp-content\/uploads\/2018\/06\/foto_empresa.jpg\",\"contentUrl\":\"https:\/\/cruzecruz.net\/site\/wp-content\/uploads\/2018\/06\/foto_empresa.jpg\",\"width\":454,\"height\":302,\"caption\":\"Fabrica Redes em Barqueiros\"},{\"@type\":\"BreadcrumbList\",\"@id\":\"https:\/\/cruzecruz.net\/site\/fabrica-redes\/#breadcrumb\",\"itemListElement\":[{\"@type\":\"ListItem\",\"position\":1,\"name\":\"In\u00edcio\",\"item\":\"https:\/\/cruzecruz.net\/site\/\"},{\"@type\":\"ListItem\",\"position\":2,\"name\":\"F\u00e1brica Redes\"}]},{\"@type\":\"WebSite\",\"@id\":\"https:\/\/cruzecruz.net\/site\/#website\",\"url\":\"https:\/\/cruzecruz.net\/site\/\",\"name\":\"Cruz&amp;Cruz, Lda - Fabrica de Redes\",\"description\":\"\",\"potentialAction\":[{\"@type\":\"SearchAction\",\"target\":{\"@type\":\"EntryPoint\",\"urlTemplate\":\"https:\/\/cruzecruz.net\/site\/?s={search_term_string}\"},\"query-input\":{\"@type\":\"PropertyValueSpecification\",\"valueRequired\":true,\"valueName\":\"search_term_string\"}}],\"inLanguage\":\"pt-PT\"}]}<\/script>\n<!-- \/ Yoast SEO plugin. -->","yoast_head_json":{"title":"F\u00e1brica Redes - Cruz&amp;Cruz, Lda - Fabrica de Redes","robots":{"index":"index","follow":"follow","max-snippet":"max-snippet:-1","max-image-preview":"max-image-preview:large","max-video-preview":"max-video-preview:-1"},"canonical":"https:\/\/cruzecruz.net\/site\/fabrica-redes\/","og_locale":"pt_PT","og_type":"article","og_title":"F\u00e1brica Redes - Cruz&amp;Cruz, Lda - Fabrica de Redes","og_description":"Cruz &amp; Cruz \u2013 F\u00e1brica de Redes, iniciou a sua actividade em 1981 com a produ\u00e7\u00e3o de redes para pesca. Dedica-se essencialmente ao fabrico de redes em monofilamento de nylon ou em multifilamento de polietileno com tratamento anti u.v. para distintas utiliza\u00e7\u00f5es, nomeadamente para a pesca industrial e artesanal, aquacultura, redes para parques de voo [&hellip;]","og_url":"https:\/\/cruzecruz.net\/site\/fabrica-redes\/","og_site_name":"Cruz&amp;Cruz, Lda - Fabrica de Redes","article_modified_time":"2019-07-26T08:56:37+00:00","og_image":[{"width":454,"height":302,"url":"https:\/\/cruzecruz.net\/site\/wp-content\/uploads\/2018\/06\/foto_empresa.jpg","type":"image\/jpeg"}],"twitter_card":"summary_large_image","twitter_misc":{"Tempo estimado de leitura":"1 minuto"},"schema":{"@context":"https:\/\/schema.org","@graph":[{"@type":"WebPage","@id":"https:\/\/cruzecruz.net\/site\/fabrica-redes\/","url":"https:\/\/cruzecruz.net\/site\/fabrica-redes\/","name":"F\u00e1brica Redes - Cruz&amp;Cruz, Lda - Fabrica de Redes","isPartOf":{"@id":"https:\/\/cruzecruz.net\/site\/#website"},"primaryImageOfPage":{"@id":"https:\/\/cruzecruz.net\/site\/fabrica-redes\/#primaryimage"},"image":{"@id":"https:\/\/cruzecruz.net\/site\/fabrica-redes\/#primaryimage"},"thumbnailUrl":"https:\/\/cruzecruz.net\/site\/wp-content\/uploads\/2018\/06\/foto_empresa.jpg","datePublished":"2018-06-05T09:30:33+00:00","dateModified":"2019-07-26T08:56:37+00:00","breadcrumb":{"@id":"https:\/\/cruzecruz.net\/site\/fabrica-redes\/#breadcrumb"},"inLanguage":"pt-PT","potentialAction":[{"@type":"ReadAction","target":["https:\/\/cruzecruz.net\/site\/fabrica-redes\/"]}]},{"@type":"ImageObject","inLanguage":"pt-PT","@id":"https:\/\/cruzecruz.net\/site\/fabrica-redes\/#primaryimage","url":"https:\/\/cruzecruz.net\/site\/wp-content\/uploads\/2018\/06\/foto_empresa.jpg","contentUrl":"https:\/\/cruzecruz.net\/site\/wp-content\/uploads\/2018\/06\/foto_empresa.jpg","width":454,"height":302,"caption":"Fabrica Redes em Barqueiros"},{"@type":"BreadcrumbList","@id":"https:\/\/cruzecruz.net\/site\/fabrica-redes\/#breadcrumb","itemListElement":[{"@type":"ListItem","position":1,"name":"In\u00edcio","item":"https:\/\/cruzecruz.net\/site\/"},{"@type":"ListItem","position":2,"name":"F\u00e1brica Redes"}]},{"@type":"WebSite","@id":"https:\/\/cruzecruz.net\/site\/#website","url":"https:\/\/cruzecruz.net\/site\/","name":"Cruz&amp;Cruz, Lda - Fabrica de Redes","description":"","potentialAction":[{"@type":"SearchAction","target":{"@type":"EntryPoint","urlTemplate":"https:\/\/cruzecruz.net\/site\/?s={search_term_string}"},"query-input":{"@type":"PropertyValueSpecification","valueRequired":true,"valueName":"search_term_string"}}],"inLanguage":"pt-PT"}]}},"_links":{"self":[{"href":"https:\/\/cruzecruz.net\/site\/wp-json\/wp\/v2\/pages\/9","targetHints":{"allow":["GET"]}}],"collection":[{"href":"https:\/\/cruzecruz.net\/site\/wp-json\/wp\/v2\/pages"}],"about":[{"href":"https:\/\/cruzecruz.net\/site\/wp-json\/wp\/v2\/types\/page"}],"author":[{"embeddable":true,"href":"https:\/\/cruzecruz.net\/site\/wp-json\/wp\/v2\/users\/1"}],"replies":[{"embeddable":true,"href":"https:\/\/cruzecruz.net\/site\/wp-json\/wp\/v2\/comments?post=9"}],"version-history":[{"count":16,"href":"https:\/\/cruzecruz.net\/site\/wp-json\/wp\/v2\/pages\/9\/revisions"}],"predecessor-version":[{"id":2320,"href":"https:\/\/cruzecruz.net\/site\/wp-json\/wp\/v2\/pages\/9\/revisions\/2320"}],"wp:featuredmedia":[{"embeddable":true,"href":"https:\/\/cruzecruz.net\/site\/wp-json\/wp\/v2\/media\/10"}],"wp:attachment":[{"href":"https:\/\/cruzecruz.net\/site\/wp-json\/wp\/v2\/media?parent=9"}],"curies":[{"name":"wp","href":"https:\/\/api.w.org\/{rel}","templated":true}]}}